- 6*z + 11. Give b(-7).
4
Let m(k) = 18*k + 3. Give m(-1).
-15
Let r(j) = 2*j**2 - j - 13. Calculate r(3).
2
Let o(d) = -d**3 - 16*d**2 + 38*d + 42. Give o(-18).
6
Let r(h) = 2*h**2 + 7*h - 8. Give r(3).
31
Let r(x) = 7*x - 20. What is r(9)?
43
Let a(v) = v**3 - 6*v**2 - 16*v + 2. Determine a(8).
2
Let i(h) = -h - 27. Calculate i(9).
-36
Let l(b) = -2*b**2 - 27*b + 9. Give l(-14).
-5
Let i(b) = -3*b**3 + 14*b**2 + 4*b + 17. Give i(5).
12
Let b(a) = 4*a**2 + a - 2. Give b(-2).
12
Let v(d) = -2*d + 59. Calculate v(19).
21
Let r(t) = -7*t - 8. Determine r(11).
-85
Let g(s) = -9*s - 1. Calculate g(-1).
8
Let p(u) = u - 8. What is p(13)?
5
Let d(c) = c**3 + 8*c**2 + 5*c - 5. What is d(-6)?
37
Let g(i) = -11*i + 59. Give g(0).
59
Let y(f) = f**3 - 29*f**2 + 26*f + 51. Give y(28).
-5
Let f(k) = -k**3 + 5*k**2 + k - 12. What is f(5)?
-7
Let g(s) = -s + 13. Determine g(-8).
21
Let q(b) = b**3 + 4*b**2 + 5*b - 4. Determine q(-4).
-24
Let f(m) = m**2 + 15*m - 31. Determine f(-17).
3
Let i(o) = 21*o - 12. Calculate i(0).
-12
Let l(f) = 5*f**3 - f**2 + 2. Give l(1).
6
Let j(g) = -g**3 + 7*g**2 - 4*g - 7. What is j(6)?
5
Let r(s) = s**3 - 15*s**2 + 15*s - 16. Calculate r(14).
-2
Let c(m) = 22*m + 1033. Determine c(-47).
-1
Let i(q) = q**3 - 10*q**2 + 11*q + 1. Determine i(9).
19
Let m(u) = -u**3 - 12*u**2 - 4. Give m(-12).
-4
Let c(d) = -21*d - 158. Give c(-7).
-11
Let w(f) = 2*f - 5. Calculate w(10).
15
Let b(x) = x**3 + 3*x**2 - 8*x - 3. Determine b(-4).
13
Let q(r) = -r**3 - 28*r**2 + 62*r + 59. Determine q(-30).
-1
Let v(s) = 7*s + 127. Determine v(-13).
36
Let z(v) = v**3 + 6*v**2 - 2*v + 7. Calculate z(-6).
19
Let q(r) = -2*r + 8. Calculate q(7).
-6
Let n(u) = -u**3 + 14*u**2 - 10*u + 8. Give n(13).
47
Let z(a) = -a**3 - 6*a**2 - 3*a - 1. Give z(-5).
-11
Let c(k) = -22*k - 87. Give c(-3).
-21
Let w(x) = -x**2 + 12*x - 1. Give w(7).
34
Let u(o) = -2*o - 14. Give u(-5).
-4
Let q(t) = t**2 - t + 4. What is q(2)?
6
Let l(a) = 2*a**3 - 4*a**2 + 5*a - 2. What is l(3)?
31
Let f(c) = -c**3 + 11*c**2 - 7*c + 1. Determine f(9).
100
Let f(s) = s + 5. Determine f(12).
17
Let b(u) = -21*u**2 + 41*u - 6. Give b(2).
-8
Let w(u) = -u**2 - 10*u + 8. What is w(-11)?
-3
Let n(x) = 3*x**3 - 3*x**2 + 2*x - 1. Calculate n(2).
15
Let n(k) = k**3 - 4*k**2 - 8*k + 22. Calculate n(5).
7
Let o(y) = 2*y**3 - y**2 - 3*y - 3. Determine o(-2).
-17
Let n(j) = -j**2 - 2*j + 37. Give n(5).
2
Let s(x) = x**2 + 2*x + 5. What is s(4)?
29
Let v(d) = d**3 - 8*d**2 - 10*d + 14. Give v(9).
5
Let r(i) = 13*i - 80. What is r(6)?
-2
Let f(y) = -y**3 + 5*y**2 - 10*y + 17. Calculate f(4).
-7
Let d(x) = x**3 + x**2 - 2*x + 3. Give d(0).
3
Let r(v) = -5*v + 2. What is r(1)?
-3
Let o(q) = 4*q**2 - 5*q + 8. Give o(7).
169
Let c(w) = -49*w - 240. Give c(-5).
5
Let k(p) = p**3 + 9*p**2 - 14*p - 131. Give k(-9).
-5
Let b(m) = -m**3 - 15*m**2 + 4*m + 64. Give b(-15).
4
Let v(d) = -d**2 - 4*d - 29. What is v(-8)?
-61
Let a(j) = -j**3 + 10*j**2 + 12*j - 11. Calculate a(11).
0
Let q(d) = -3*d. Calculate q(1).
-3
Let r(j) = j**2 - 2*j - 10. Determine r(5).
5
Let l(f) = -2*f - 16. Determine l(-3).
-10
Let f(d) = -d**2 - 36*d - 257. Calculate f(-10).
3
Let p(q) = 17*q**3 - q. Give p(-1).
-16
Let h(i) = -6*i - 31. Calculate h(-6).
5
Let b(g) = -34*g - 137. What is b(-4)?
-1
Let j(k) = 22*k**3 - k**2 + 1. Determine j(1).
22
Let z(u) = u**2 - 13*u - 6. Give z(13).
-6
Let d(b) = -6*b**3 - 8*b**2 - b - 3. Calculate d(-2).
15
Let p(s) = -s**2 + s - 3. Determine p(-5).
-33
Let g(c) = -8*c**3 - 49*c**2 - 6*c - 14. Calculate g(-6).
-14
Let f(r) = -2*r**2 - 12*r + 6. Give f(-8).
-26
Let q(n) = 10*n - 7. Calculate q(-4).
-47
Let u(c) = c**3 + 11*c**2 - 16*c - 7. What is u(-12)?
41
Let p(w) = w**2 - 2*w - 9. Calculate p(5).
6
Let o(f) = -f**2 + 19*f + 22. Calculate o(20).
2
Let l(u) = u**3 + 5*u**2 - 10*u - 2. Calculate l(-7).
-30
Let b(q) = 42*q**2 + q. Calculate b(1).
43
Let n(k) = -5*k - 9. Calculate n(7).
-44
Let h(r) = -4*r + 33. Determine h(12).
-15
Let j(t) = -t**2 - 12*t - 18. Give j(-13).
-31
Let m(j) = -3*j**2 - 3*j + 3. Determine m(1).
-3
Let y(c) = -3*c**2 + c - 4. Give y(-3).
-34
Let o(w) = -w**2 - 36*w - 96. Give o(-33).
3
Let m(h) = -h**3 + 21*h**2 + 3*h + 50. Determine m(21).
113
Let t(f) = f**3 + 19*f**2 - 21*f - 16. What is t(-20)?
4
Let p(s) = -3*s - 9. What is p(-6)?
9
Let i(n) = n**3 - 6*n**2 - 6*n - 14. What is i(7)?
-7
Let u(y) = -y**2 - y + 36. Give u(5).
6
Let w(r) = -r**2 + 9*r - 7. Calculate w(9).
-7
Let s(r) = r**2 - 15*r - 78. What is s(19)?
-2
Let d(q) = 2*q**2 - 24*q - 46. Calculate d(14).
10
Let s(q) = q**3 + 5*q**2 + 8. Determine s(-6).
-28
Let n(k) = -10*k - 1. Give n(1).
-11
Let d(w) = -2*w**2 + w - 21. Determine d(0).
-21
Let l(b) = 5*b - 89. Calculate l(18).
1
Let p(z) = z**2 - 16*z - 570. Give p(-17).
-9
Let v(q) = -q**3 - 5*q**2 - q - 11. Give v(-5).
-6
Let u(p) = -14*p**2 - 3*p - 2. Determine u(1).
-19
Let s(c) = 5*c + 3. What is s(3)?
18
Let z(q) = q**3 - 17*q**2 + 15*q - 5. Calculate z(16).
-21
Let g(o) = -o**2 + 4. What is g(0)?
4
Let j(p) = p**3 + p**2 - p - 9. What is j(2)?
1
Let z(d) = -d**3 + 4*d**2 + 5*d + 4. What is z(6)?
-38
Let w(r) = -r**3 + 13*r**2 - 28*r + 23. Calculate w(11).
-43
Let m(k) = -8*k**2 - 50*k. Give m(-6).
12
Let d(m) = -m**3 - 25*m**2 + 54*m + 7. Determine d(-27).
7
Let s(p) = -p**3 - 10*p**2 - 15*p + 17. Give s(-8).
9
Let s(a) = a**3 + 7*a**2 - 11. What is s(-7)?
-11
Let x(u) = u**3 - 6*u**2 - 5*u - 24. What is x(7)?
-10
Let q(j) = j**3 - 8*j**2 - 29*j + 246. What is q(7)?
-6
Let f(h) = 8*h + 2. Determine f(-7).
-54
Let y(l) = -l**2 - 10*l - 9. What is y(-5)?
16
Let z(h) = -h**2 + 4*h + 17. Calculate z(7).
-4
Let z(v) = v**3 - 8*v**2 + 5*v. Calculate z(4).
-44
Let q(v) = 8*v - 186. Calculate q(23).
-2
Let s(d) = -d**3 - 6*d**2 + 9*d - 7. Give s(-7).
-21
Let j(y) = 2*y - 9. What is j(8)?
7
Let a(s) = s**3 + 18*s**2 - 41*s - 19. Determine a(-20).
1
Let o(g) = 2*g**3 + 3*g**2 + 3*g + 2. Give o(-2).
-8
Let p(q) = 3*q**2 + 21*q - 22. Give p(1).
2
Let a(g) = 4*g - 5. Calculate a(-9).
-41
Let o(x) = -2*x**3 + 23*x**2 + 41*x + 1. Determine o(13).
27
Let f(n) = n**2 - 5*n - 67. Determine f(12).
17
Let l(z) = -z**2 + 9*z - 20. Calculate l(5).
0
Let u(p) = -5*p - 50. Determine u(-10).
0
Let q(p) = -p**3 + 6*p**2 + 5*p - 1. Determine q(4).
51
Let q(s) = s**3 + 7*s**2 + 2*s - 4. Determine q(-5).
36
Let q(d) = -d**3 - 7*d**2 + 8*d - 10. Calculate q(-8).
-10
Let m(p) = -p**3 + 4*p**2 + 10*p + 6. Give m(6).
-6
Let u(g) = g**3 + 17*g**2 + 24*g - 79. Calculate u(-15).
11
Let c(u) = -u - 11. Give c(-11).
0
Let u(i) = i**2 + 4*i - 15. What is u(-3)?
-18
Let g(n) = -21*n + 2. Calculate g(2).
-40
Let i(h) = -h**2 + 19. Give i(-5).
-6
Let p(c) = 7*c**2 - 35*c + 1. What is p(5)?
1
Let h(t) = 33*t - 31. What is h(1)?
2
Let x(l) = 7*l - 221. Determine x(31).
-4
Let m(q) = -53*q + 159. Determine m(3).
0
Let p(w) = 11*w**3 - w**2 + w + 3. What is p(-2)?
-91
Let p(n) = 5*n + 110. Calculate p(-20).
10
Let x(k) = k**3 + k**2 + 6*k + 9. What is x(-2)?
-7
Let m(a) = 8*a + 11. Calculate m(0).
11
Let u(l) = -l**3 + 2*l**2 + l + 8. Calculate u(4).
-20
Let v(f) = f**2 - 14*f - 1. Determine v(13).
-14
Let l(x) = x**3 - 6*x**2 - 3*x - 8. What is l(7)?
20
Let t(b) = -b**3 - 8*b**2 - 14*b + 10. What is t(-6)?
22
Let m(l) = -l**2 + 7*l - 1. What is m(2)?
9
Let c(w) = -2*w**3 - 2*w**2 - 2*w + 3. Give c(2).
-25
Let n(o) = -o**2 - 5*o + 78. Give n(7).
-6
Let m(k) = -2*k**2 + 7*k - 3. What is m(2)?
3
Let h(f) = -f**2 + 6*f - 3. What is h(6)?
-3
Let r(s) = 2*s**2 - 26*s - 6. Give r(13).
-6
Let t(b) = 2*b + 4. Determine t(-3).
-2
Let o(s) = s**3 - 10*s**2 - 15*s - 3. What is o(12)?
105
Let q(w) = 2*w + 15. Determine q(-10).
-5
Let f(t) = -t - 21. Calculate f(-15).
-6
Let g(m) = -m**3 - 5*m**2 + 2. What is g(-5)?
2
Let q(j) = j**2 - 16*j + 20. Calculate q(16).
20
Let x(s) = -6*s**3 + 5*s**2 + s - 4. Calculate x(2).
-30
Let c(k) = 4*k + 12. Give c(-5).
-8
Let m(x) = 2*x**2 + 9*x. Calculate m(-6).
18
Let s(u) = u**2 + 8*u - 5. Calculate s(-7).
-12
Let f(g) = -g**3 - 12*g**2 - 10*g + 25. Determine f(-11).
14
Let m(h) = h**2 - 9*h + 8. Calculate m(9).
8
Let o(x) = -x**2 - 3*x + 5. Calculate o(-4).
1
Let i(j) = j**3 - 4*j**2 - 6*j + 1. Give i(6).
37
Let p(o) = -o**3 - 11*o**2 - 4*o - 6. Calculate p(-11